he units digit of s(r)?
2
Let a(f) = 2*f**2 + 2*f. Let x be a(-2). Let u(d) = -2*d**2 + 5*d - 1. Let w(h) = -h**2 + 4*h - 1. Let n(l) = x*w(l) - 3*u(l). What is the units digit of n(1)?
2
Let v = 1 + -1. Suppose -7 = -u - v. What is the units digit of -1 - (-3 - -2)*u?
6
Suppose -14*q + 84 = -12*q. What is the tens digit of q?
4
Let a be -2 + 12 - (1 + -4). Let s(h) = 2*h - 9. What is the tens digit of s(a)?
1
Let l = -10 + 7. What is the units digit of l/((-2 - -3)*-1)?
3
Suppose 3*d = 4*d - 2. Let m(c) = -c**2 + 4*c + 5. Let s be m(5). Suppose -n + d = -s*n. What is the units digit of n?
2
Let t be 8*1 - -2 - 1. Suppose z + t = 5*w, -15 = -2*z - 2*z + 3*w. Suppose 2*v - 4 - z = 0. What is the units digit of v?
5
Let z(u) = -u**3 - 10*u**2 - 7*u - 25. What is the units digit of z(-10)?
5
Suppose 3*i = 36 + 15. What is the tens digit of i?
1
Suppose 0 = 4*z + 5*s + 9 + 16, 5*s = -z + 5. Let k = 1 - z. What is the units digit of k?
1
Let v(r) = -5*r - 7. Let g be v(6). Let b = 22 + g. Let f = -11 - b. What is the units digit of f?
4
Suppose -5*o = -5*r + 25, -r - 19 = o + 4*o. Suppose 2*j - 4*q - 8 = 0, 6 = -6*q + 4*q. Let i = j - o. What is the units digit of i?
2
Let n = 0 - -3. Let o = -7 + 15. Suppose 0*t - 32 = -5*i - n*t, -t - o = -3*i. What is the units digit of i?
4
Suppose -t + 20 = 4*t. Suppose 0 = t*d - 5 - 3. What is the units digit of d?
2
Let w be (-2)/(-4)*2*5. Suppose -8 = t - w*t. What is the units digit of t?
2
What is the units digit of 962/4 - (0 - 6/(-12))?
0
Suppose -76 = -2*f - 4*o, 2*f - 5*o - 67 = 45. What is the units digit of f?
6
Suppose 5*f - 3*s + 40 = 0, 0*f + 5*f + 2*s = -15. Let z = -3 - f. Suppose 0 = 3*v - 3*d - 9, -4*v - z = 3*d - 0*d. What is the units digit of v?
1
Suppose 5*p = -0*p. Suppose v + 2*h - 11 = 0, -v + p*v - 3*h + 10 = 0. What is the units digit of v?
3
Let p(h) = -h**3 + 126*h**2 + 0*h**3 + 4 - 120*h**2 + 0*h**3. Let q(m) = -m**2 - 7*m + 6. Let b be q(-7). What is the units digit of p(b)?
4
Suppose 0 = -3*r + 4*n - 5, 4*r = -2*n + n + 6. Suppose 4*m = -r + 5. What is the units digit of m?
1
Let o(v) = 43*v + 3. Suppose -3*c - 5*t = -2*t + 3, -4*t = 8. What is the units digit of o(c)?
6
Let t(v) = -3*v - 1. Let m be t(1). Let u = m + 21. What is the tens digit of u?
1
Let s = -15 + 57. What is the tens digit of s?
4
Let h(l) = l**3 - 2*l**2 + 2*l + 1. Let m be h(2). Let n be 0 - m/(10/4). What is the tens digit of 225/10 - n/4?
2
Suppose -124 = 3*b + 158. Let g = -42 - b. What is the tens digit of g?
5
Let q(b) = -6*b - 1. Let r be q(-1). Suppose -1 - 8 = -a - s, r*s - 39 = -4*a. What is the units digit of a?
6
Let q(n) = -n**3 + 17*n**2 + 20*n - 18. Let k be 4/26 + 232/13. What is the tens digit of q(k)?
1
Suppose -25 = -x + 6. What is the units digit of x?
1
Let q(w) = w**3 - 11*w**2 + 11*w + 15. What is the tens digit of q(10)?
2
Suppose -5*p + 70 = -0*p. What is the tens digit of p?
1
Let s(t) = 3*t**2 + 2*t - 1. Suppose 0 = -2*j + 5 + 1. Let m be s(j). Suppose -i = 5*r + 16, 3*i + r - 2*r = m. What is the units digit of i?
9
Let f(j) = -j**2 + 9*j - 4. Let k be f(9). Let y be 114/27 - k/(-18). Suppose 0 = i - 17 + y. What is the tens digit of i?
1
Suppose 3 + 5 = t. Let b = -6 + t. Suppose b*y = 5 + 19. What is the tens digit of y?
1
Let j be 0/(-2) + 2 + -2. Suppose -2*b + 2 = -j*b. What is the units digit of b?
1
Let g = -51 - -79. Let h(t) = -3*t**2 - t. Let w be h(-2). Let l = w + g. What is the units digit of l?
8
Let o be (10/(-4))/(2/(-4)). Suppose 0 = -5*r + v + 179, 0 = -4*r + v + 72 + 71. Suppose -12 + 0 = -4*p + o*s, -4*p - s = -r. What is the units digit of p?
8
Suppose -2*b + 5*b = 24. What is the units digit of b?
8
Suppose x + 4*x + 40 = 0. Let b(w) = -w**3 - 9*w**2 - 10*w - 12. What is the units digit of b(x)?
4
Suppose 3*t - 47 = 88. What is the tens digit of t?
4
Let z be 1*-13 + (4 - 6). Let a = 60 + z. Suppose 0 = -0*v - 4*v + 4*n + 64, 2*n + a = 3*v. What is the units digit of v?
3
Let v(x) = x**2 - 5*x + 5. Let g be v(4). What is the units digit of (4 - 1)*g/3?
1
Let i(j) = -2*j**3 + 3*j**3 - 6*j**2 + j + 0*j**2 + 2 - 6. Let m be i(6). What is the units digit of (-2 + (13 - m))/1?
9
Let m be (-76)/(-12) + (-2)/(-3). Let j = m + -1. What is the units digit of j?
6
Let t be 3/((1 + 1)/2). Let q(w) = -3*w**2 + 8*w**2 - w**t + w - 6 + w. What is the units digit of q(5)?
4
Let w = -24 + 3. Let l = w - -26. What is the units digit of l?
5
Let n(t) = -t**3 - 7*t**2 - 8*t - 3. Let c(q) = q**2 - 10*q - 16. Let w be c(12). Let v = w - 14. What is the units digit of n(v)?
9
Let f be ((-6)/5)/(6/(-30)). What is the units digit of (-3)/2*(-44)/f?
1
Suppose -3*q - 4 = -10. Let h(l) = 5*l**2 - 2*l - 2. What is the tens digit of h(q)?
1
Let v(i) be the second derivative of 0 - i - 2/3*i**3 + 1/12*i**4 + i**2. What is the units digit of v(5)?
7
Suppose u - 52 = -2*t - 0*u, 0 = -3*u. What is the tens digit of 45/(-2)*t/(-39)?
1
Let j(s) = 2*s - 2. Let o be j(-4). Let i = o - -12. What is the units digit of i?
2
Let f = -51 - -26. Let q = f + 65. Suppose s + 3*t - 28 = -s, -2*t = 4*s - q. What is the units digit of s?
8
Suppose i = 2*i. What is the tens digit of i/1 + -1 - -24?
2
Let z = -24 + 27. Suppose 4*a = z*q - 65, 0 = q - 3*a + 18 - 48. What is the tens digit of q?
1
What is the hundreds digit of (8*-82)/(-2) - (-41 - -39)?
3
Let m be (-1)/(-2) - 598/(-4). Suppose 3*g - 2*r = -2*g + 156, 5*g = 5*r + m. What is the units digit of (3/(-6))/((-2)/g)?
8
Let w(y) = -y**2 + 10*y - 7. Let n be w(9). Suppose -2*v = -v - n*c + 4, 2*v = c + 1. Suppose -v = 2*x - 26. What is the units digit of x?
2
What is the units digit of ((27 - 2)/(-1))/((-6)/12)?
0
Suppose 4*y - 3*y + 4 = -3*d, -5*y = 2*d - 6. Suppose y*s - 10 = -3*s. What is the units digit of s?
2
Suppose -p + 426 = 3*p + 3*x, 5*p - 519 = 3*x. What is the hundreds digit of p?
1
Let m(s) = -s**2 - s + 14*s**3 - 5*s**3 - 3*s**2 + 6*s**2. What is the tens digit of m(1)?
1
Let y be 3/((-9)/30) + 0. Let f = 11 + y. Let l(x) = 2*x**3 + x - 1. What is the units digit of l(f)?
2
Let x = 4 - -15. What is the units digit of x?
9
What is the tens digit of (-8)/72 + 4106/18?
2
Suppose u = 1 - 4. Let x(y) = y**3 + 2*y**2 - 5*y - 3. Let j be x(u). What is the units digit of 2 + -2 + j + 7?
0
Suppose -g - 2*m - 8 = 0, 0*g = -g - 5*m - 8. Let y = g - -14. Let h = 18 - y. What is the units digit of h?
2
Suppose -4*r + 3 = p, -5*p - 22 = -r + 26. Let u = -5 - p. What is the units digit of ((-2)/u)/((-3)/6)?
1
Let h be (-4)/(-10) + (-210)/25. Let u = h - -15. What is the units digit of u?
7
Let l = -29 - -57. What is the tens digit of l?
2
Let q(d) = d**3 - 3*d**2 - 5*d - 1. Let r be q(4). What is the units digit of (12/10)/((-2)/r)?
3
Let f = -4 - -10. Let c be (4/(-6))/((-6)/9). What is the tens digit of (0 + c)*(9 + f)?
1
Let v = -7 + 7. Suppose v = 5*b - 4*m + 15, 11 = b + 3*m - m. What is the units digit of b?
1
Suppose 2*p = -3*s + 15, 4*s + 1 = 5*s. Let i = -1 + p. Suppose i*c + 10 = 2*l + 3*l, 3*c = -l + 2. What is the units digit of l?
2
Suppose 4*j - 2 = -6. What is the units digit of j/(-3*2/192)?
2
Let a(n) = 8*n**2 + n - 1. Let c be a(1). Suppose 3*x + 0 - 15 = 0. Suppose -x*j + j = -c. What is the units digit of j?
2
Let u(n) = -16*n - 10. Let l(y) = 15*y + 9. Let r(q) = 5*l(q) + 4*u(q). Let x be r(5). Suppose 0 = -0*h + 5*h - x. What is the tens digit of h?
1
Let k be 4/(-18) - (-465)/27. Let m = -2 + k. What is the tens digit of m?
1
Let l(f) = -f + 4. Let u be l(0). Let i(k) = k + 1. Let o be i(4). Let v = o - u. What is the units digit of v?
1
Let m(l) = 4*l + 2. Let g be m(-4). Let n be ((-6)/2)/(21/g). Let k(s) = -s**2 + 5*s - 1. What is the units digit of k(n)?
5
Suppose 5*c - 1292 = -4*b, -5*b + c + 4*c + 1570 = 0. What is the tens digit of b?
1
Let u = -12 + 31. What is the units digit of u?
9
Let a(l) = -l**2 - 3*l - 6. Let u be a(-4). Let k = -4 - u. What is the units digit of k?
6
Let d be (-2)/((-20)/(-6) + -3). Let j(p) = -p**3 - 5*p**2 + 4*p - 8. Let s be j(d). Suppose -5*c + 20 = z, 0*c - s*c = -4*z - 16. What is the units digit of c?
4
Let d be (-8)/(-6)*(-18)/(-4). Suppose d*j = j + 45. What is the units digit of j?
9
Let k be (5/10)/((-1)/8). Let f = k + 7. Suppose 36 = f*j - 27. What is the units digit of j?
1
Let